{"id":290,"date":"2019-07-28T03:08:30","date_gmt":"2019-07-28T01:08:30","guid":{"rendered":"http:\/\/carnetsdevoyage.net\/singapour2019\/?page_id=290"},"modified":"2019-08-12T13:08:30","modified_gmt":"2019-08-12T11:08:30","slug":"singapour-budget-conseils","status":"publish","type":"page","link":"https:\/\/carnetsdevoyage.net\/singapour2019\/singapour-budget-conseils\/","title":{"rendered":"2 &#8211; Cinq jours \u00e0 Singapour"},"content":{"rendered":"\n<p class=\"wp-block-paragraph\">Singapour est une ville ch\u00e8re pour l&rsquo;Asie, m\u00eame si on n&rsquo;est pas encore sur des prix fran\u00e7ais&#8230;<\/p>\n\n\n\n<p class=\"wp-block-paragraph\"><strong>Argent <\/strong>: ici, la monnaie, c&rsquo;est le Dollar Singapourien. 1\u20ac = 1,5 $S. Aussi \u00e9tonnant que cela puisse para\u00eetre, le meilleur taux de change qu&rsquo;on a trouv\u00e9 ici \u00e9tait \u00e0 l&rsquo;a\u00e9roport !<\/p>\n\n\n\n<p class=\"wp-block-paragraph\"><strong>Notre h\u00f4tel <\/strong>: Ibis Style on McPherson. Pas mal, assez central, mais \u00e0 plus de 15 minutes de marche du m\u00e9tro. Difficile ici de trouver un h\u00f4tel avec piscine et petit d\u00e9jeuner inclus pour moins de 100-110 \u20ac la nuit. On est rest\u00e9s 5 nuits ici, pour un co\u00fbt total de 510 \u20ac. <\/p>\n\n\n\n<p class=\"wp-block-paragraph\"><strong>Transports <\/strong>: On a pris beaucoup le bus ici, qui est tr\u00e8s rapide. Il y a de tr\u00e8s nombreuses lignes qui traversent la ville, et tout simplement gr\u00e2ce \u00e0 l&rsquo;appli Google Map, nos itin\u00e9raires sont calcul\u00e9s automatiquement, et les d\u00e9lais annonc\u00e9s sont surprenants d&rsquo;exactitude ! Le co\u00fbt est d\u00e9risoire, compter environ 80 centimes par trajet. On recharge sa carte de transport sur des machines dans les stations de m\u00e9tro, pour 10 $S minimum. Pour les 5 jours ici, on a d\u00e9pens\u00e9 10 $S par personne (6,5 \u20ac par personne). <\/p>\n\n\n\n<p class=\"wp-block-paragraph\">Les taxis sont plus chers. On ne l&rsquo;a pris qu&rsquo;une seule fois, pour aller de l&rsquo;a\u00e9roport \u00e0 l&rsquo;h\u00f4tel, et le trajet d&rsquo;environ 40 minutes nous a co\u00fbt\u00e9 27 $S (18 \u20ac).<\/p>\n\n\n\n<p class=\"wp-block-paragraph\">On a par contre beaucoup utilis\u00e9 GRAB, l&rsquo;\u00e9quivalent d&rsquo;UBER, qui fonctionne tr\u00e8s bien ! Une fois l&rsquo;appli install\u00e9e, on cherche un chauffeur disponible en indiquant notre point de d\u00e9part de d&rsquo;arriv\u00e9e, et en g\u00e9n\u00e9ral en 5 minutes une voiture se pr\u00e9sente. Le co\u00fbt est en gros deux fois moins cher que le taxi, et pour les grandes distances c&rsquo;est bien plus pratique que les transports publics ! A titre d&rsquo;exemple, pour aller de l&rsquo;h\u00f4tel \u00e0 Marina Bay, il faut une bonne trentaine de minutes en transports, et la moiti\u00e9 en voiture, pour un co\u00fbt de 10 ou 12 $S (moins de 8 \u20ac). Le retour h\u00f4tel-a\u00e9roport nous a co\u00fbt\u00e9 moiti\u00e9 moins cher que l&rsquo;aller&#8230;<\/p>\n\n\n\n<p class=\"wp-block-paragraph\">On n&rsquo;a pas conduit ici, mais le prix de l&rsquo;essence est le m\u00eame qu&rsquo;en France.<\/p>\n\n\n\n<p class=\"wp-block-paragraph\"><strong>T\u00e9l\u00e9phone <\/strong>: aujourd&rsquo;hui, difficile de se passer de portable en voyage ! Ici, Free ne marche pas (encore ?). On a donc pris une ligne locale, qui nous a co\u00fbt\u00e9 18 $S pour 7 jours, avec 100 Go d&rsquo;internet en 4G. La carte nous a servi \u00e9galement de carte de transport, et sur les 18 $S, 3 $S \u00e9taient cr\u00e9dit\u00e9s sur la carte transport. Donc 15 $S pour 7 jours par personne, soit moins de 10 \u20ac, c&rsquo;est cher pour l\u2019Asie, mais \u00e7a fonctionne parfaitement !<\/p>\n\n\n\n<p class=\"wp-block-paragraph\"><strong>Bouffe <\/strong>: l\u00e0 encore, c&rsquo;est cher pour l&rsquo;Asie, mais encore tr\u00e8s rentable ! Si on est adepte de la Street Food, on s&rsquo;en tire pour moins de 10 $S par repas par personne. Au restaurant, il faut compter le double&#8230; soit entre 6 et 15 \u20ac par personne et par repas. On trouve ici toutes les tables de l&rsquo;Asie !<\/p>\n\n\n\n<p class=\"wp-block-paragraph\"><strong>Shopping, sorties <\/strong>: si vous pensez venir \u00e0 Singapour pour le Shopping, mauvaise id\u00e9e ! Les prix pratiqu\u00e9s dans les boutiques internationales sont les m\u00eames qu&rsquo;ailleurs. Pour les souvenirs, c&rsquo;est aussi assez cher, sauf \u00e0 Chinatown o\u00f9 on a trouv\u00e9 quelques trucs jolis et int\u00e9ressants ! Les quelques entr\u00e9es payantes que l&rsquo;on a faites sont aussi assez ch\u00e8res, en g\u00e9n\u00e9ral autour de 20 $S par personne, soit pr\u00e8s de 13 \u20ac par personne. <\/p>\n","protected":false},"excerpt":{"rendered":"<p>Singapour est une ville ch\u00e8re pour l&rsquo;Asie, m\u00eame si on n&rsquo;est pas encore sur des prix fran\u00e7ais&#8230; Argent : ici, la monnaie, c&rsquo;est le Dollar Singapourien. 1\u20ac = 1,5 $S. Aussi \u00e9tonnant que cela puisse para\u00eetre, le meilleur taux de change qu&rsquo;on a trouv\u00e9 ici \u00e9tait \u00e0 l&rsquo;a\u00e9roport ! Notre h\u00f4tel : Ibis Style on McPherson. Pas mal, assez central, mais \u00e0 plus de 15 minutes de marche du m\u00e9tro. Difficile ici de trouver un h\u00f4tel avec piscine et petit&#8230;<\/p>\n<p class=\"read-more\"><a class=\"btn btn-default\" href=\"https:\/\/carnetsdevoyage.net\/singapour2019\/singapour-budget-conseils\/\">Lire la suite<span class=\"screen-reader-text\"> Lire la suite<\/span><\/a><\/p>\n","protected":false},"author":2,"featured_media":189,"parent":0,"menu_order":1,"comment_status":"closed","ping_status":"closed","template":"","meta":{"_crdt_document":"","footnotes":""},"class_list":["post-290","page","type-page","status-publish","has-post-thumbnail","hentry"],"_links":{"self":[{"href":"https:\/\/carnetsdevoyage.net\/singapour2019\/wp-json\/wp\/v2\/pages\/290","targetHints":{"allow":["GET"]}}],"collection":[{"href":"https:\/\/carnetsdevoyage.net\/singapour2019\/wp-json\/wp\/v2\/pages"}],"about":[{"href":"https:\/\/carnetsdevoyage.net\/singapour2019\/wp-json\/wp\/v2\/types\/page"}],"author":[{"embeddable":true,"href":"https:\/\/carnetsdevoyage.net\/singapour2019\/wp-json\/wp\/v2\/users\/2"}],"replies":[{"embeddable":true,"href":"https:\/\/carnetsdevoyage.net\/singapour2019\/wp-json\/wp\/v2\/comments?post=290"}],"version-history":[{"count":6,"href":"https:\/\/carnetsdevoyage.net\/singapour2019\/wp-json\/wp\/v2\/pages\/290\/revisions"}],"predecessor-version":[{"id":942,"href":"https:\/\/carnetsdevoyage.net\/singapour2019\/wp-json\/wp\/v2\/pages\/290\/revisions\/942"}],"wp:featuredmedia":[{"embeddable":true,"href":"https:\/\/carnetsdevoyage.net\/singapour2019\/wp-json\/wp\/v2\/media\/189"}],"wp:attachment":[{"href":"https:\/\/carnetsdevoyage.net\/singapour2019\/wp-json\/wp\/v2\/media?parent=290"}],"curies":[{"name":"wp","href":"https:\/\/api.w.org\/{rel}","templated":true}]}}