{"id":1510,"date":"2017-08-29T22:34:43","date_gmt":"2017-08-29T20:34:43","guid":{"rendered":"http:\/\/srilanka2017.free.fr\/?page_id=1510"},"modified":"2017-08-29T22:34:43","modified_gmt":"2017-08-29T20:34:43","slug":"les-elephants-viennent-pour-lapero","status":"publish","type":"page","link":"https:\/\/carnetsdevoyage.net\/srilanka2017\/les-elephants-viennent-pour-lapero\/","title":{"rendered":"Les \u00e9l\u00e9phants viennent pour l&rsquo;ap\u00e9ro !"},"content":{"rendered":"<p>Hier soir, juste avant d&rsquo;aller manger, un \u00e9l\u00e9phant est venu nous rendre une petite visite \u00e0 l&rsquo;h\u00f4tel. Il est rest\u00e9 l\u00e0 un bon quart d&rsquo;heure, chercher \u00e0 manger. Un des serveurs lui a lanc\u00e9 une branche de palmier, qu&rsquo;il a d\u00e9gust\u00e9 visiblement avec beaucoup d&rsquo;app\u00e9tit !<\/p>\n<p>Il faisait d\u00e9j\u00e0 nuit noire, et les photos ne sont pas top, mais nous avons pass\u00e9 un tr\u00e8s bon moment avec ce pachyderme pour nous tout seuls ! Nous sommes juste en bordure d&rsquo;un parc national, et les fils \u00e9lectriques que l&rsquo;on voit sont l\u00e0 pour les emp\u00eacher de passer.<\/p>\n<p><img loading=\"lazy\" decoding=\"async\" class=\"aligncenter size-full wp-image-1166\" src=\"https:\/\/carnetsdevoyage.net\/srilanka2017\/wp-content\/uploads\/sites\/5\/2017\/08\/P8102265-Copier.jpg\" alt=\"\" width=\"1600\" height=\"900\" \/><\/p>\n<p><img loading=\"lazy\" decoding=\"async\" class=\"aligncenter size-full wp-image-1164\" src=\"https:\/\/carnetsdevoyage.net\/srilanka2017\/wp-content\/uploads\/sites\/5\/2017\/08\/P8102261-Copier.jpg\" alt=\"\" width=\"1600\" height=\"900\" \/><\/p>\n<p><img loading=\"lazy\" decoding=\"async\" class=\"aligncenter size-full wp-image-1168\" src=\"https:\/\/carnetsdevoyage.net\/srilanka2017\/wp-content\/uploads\/sites\/5\/2017\/08\/P8102286-Copier.jpg\" alt=\"\" width=\"1600\" height=\"900\" \/><\/p>\n<p><img loading=\"lazy\" decoding=\"async\" class=\"aligncenter size-full wp-image-1169\" src=\"https:\/\/carnetsdevoyage.net\/srilanka2017\/wp-content\/uploads\/sites\/5\/2017\/08\/P8102295-Copier.jpg\" alt=\"\" width=\"1600\" height=\"900\" \/><\/p>\n<p>La vid\u00e9o n&rsquo;est pas top ! C&rsquo;est surtout pour le son&#8230;<\/p>\n<p>Cet apr\u00e8s-midi, il s&rsquo;est \u00e0 nouveau point\u00e9, avec un copain ! Il n&rsquo;est pas venu aussi pr\u00e8s qu&rsquo;hier, mais ce soir, il va sans doute recommencer \u00e0 qu\u00e9mander un peu de nourriture !<\/p>\n<p><img loading=\"lazy\" decoding=\"async\" class=\"aligncenter size-full wp-image-1163\" src=\"https:\/\/carnetsdevoyage.net\/srilanka2017\/wp-content\/uploads\/sites\/5\/2017\/08\/P8112504-Copier.jpg\" alt=\"\" width=\"1600\" height=\"900\" \/><\/p>\n<p>Un peu plus tard, ils sont all\u00e9s boire dans le lac et se sont s\u00e9par\u00e9s.<\/p>\n<p><img loading=\"lazy\" decoding=\"async\" class=\"aligncenter size-full wp-image-1170\" src=\"https:\/\/carnetsdevoyage.net\/srilanka2017\/wp-content\/uploads\/sites\/5\/2017\/08\/P8112513-Copier.jpg\" alt=\"\" width=\"1600\" height=\"900\" \/><\/p>\n<p><img loading=\"lazy\" decoding=\"async\" class=\"aligncenter size-full wp-image-1171\" src=\"https:\/\/carnetsdevoyage.net\/srilanka2017\/wp-content\/uploads\/sites\/5\/2017\/08\/P8112518-Copier.jpg\" alt=\"\" width=\"1600\" height=\"900\" \/><\/p>\n<p><img loading=\"lazy\" decoding=\"async\" class=\"aligncenter size-full wp-image-1172\" src=\"https:\/\/carnetsdevoyage.net\/srilanka2017\/wp-content\/uploads\/sites\/5\/2017\/08\/P8112521-Copier.jpg\" alt=\"\" width=\"1600\" height=\"900\" \/><\/p>\n<p><img loading=\"lazy\" decoding=\"async\" class=\"aligncenter size-full wp-image-1173\" src=\"https:\/\/carnetsdevoyage.net\/srilanka2017\/wp-content\/uploads\/sites\/5\/2017\/08\/P8112522-Copier.jpg\" alt=\"\" width=\"1600\" height=\"900\" \/><\/p>\n<p><img loading=\"lazy\" decoding=\"async\" class=\"aligncenter size-full wp-image-1174\" src=\"https:\/\/carnetsdevoyage.net\/srilanka2017\/wp-content\/uploads\/sites\/5\/2017\/08\/P8112525-Copier.jpg\" alt=\"\" width=\"1600\" height=\"900\" \/><\/p>\n","protected":false},"excerpt":{"rendered":"<p>Hier soir, juste avant d&rsquo;aller manger, un \u00e9l\u00e9phant est venu nous rendre une petite visite \u00e0 l&rsquo;h\u00f4tel. Il est rest\u00e9 l\u00e0 un bon quart d&rsquo;heure, chercher \u00e0 manger. Un des serveurs lui a lanc\u00e9 une branche de palmier, qu&rsquo;il a d\u00e9gust\u00e9 visiblement avec beaucoup d&rsquo;app\u00e9tit ! Il faisait d\u00e9j\u00e0 nuit noire, et les photos ne sont pas top, mais nous avons pass\u00e9 un tr\u00e8s bon moment avec ce pachyderme pour nous tout seuls ! Nous sommes juste en bordure d&rsquo;un&#8230;<\/p>\n<p class=\"read-more\"><a class=\"btn btn-default\" href=\"https:\/\/carnetsdevoyage.net\/srilanka2017\/les-elephants-viennent-pour-lapero\/\">Lire la suite<span class=\"screen-reader-text\"> Lire la suite<\/span><\/a><\/p>\n","protected":false},"author":2,"featured_media":0,"parent":0,"menu_order":24,"comment_status":"closed","ping_status":"closed","template":"","meta":{"_crdt_document":"","footnotes":""},"class_list":["post-1510","page","type-page","status-publish","hentry"],"_links":{"self":[{"href":"https:\/\/carnetsdevoyage.net\/srilanka2017\/wp-json\/wp\/v2\/pages\/1510","targetHints":{"allow":["GET"]}}],"collection":[{"href":"https:\/\/carnetsdevoyage.net\/srilanka2017\/wp-json\/wp\/v2\/pages"}],"about":[{"href":"https:\/\/carnetsdevoyage.net\/srilanka2017\/wp-json\/wp\/v2\/types\/page"}],"author":[{"embeddable":true,"href":"https:\/\/carnetsdevoyage.net\/srilanka2017\/wp-json\/wp\/v2\/users\/2"}],"replies":[{"embeddable":true,"href":"https:\/\/carnetsdevoyage.net\/srilanka2017\/wp-json\/wp\/v2\/comments?post=1510"}],"version-history":[{"count":0,"href":"https:\/\/carnetsdevoyage.net\/srilanka2017\/wp-json\/wp\/v2\/pages\/1510\/revisions"}],"wp:attachment":[{"href":"https:\/\/carnetsdevoyage.net\/srilanka2017\/wp-json\/wp\/v2\/media?parent=1510"}],"curies":[{"name":"wp","href":"https:\/\/api.w.org\/{rel}","templated":true}]}}